{"id":2206,"date":"2017-04-14T22:14:38","date_gmt":"2017-04-14T20:14:38","guid":{"rendered":"http:\/\/blesdors.org\/?page_id=2206"},"modified":"2017-07-10T21:31:10","modified_gmt":"2017-07-10T19:31:10","slug":"presentation","status":"publish","type":"page","link":"https:\/\/blesdor.org\/index.php\/cest-lete-on-sport\/presentation\/","title":{"rendered":"Pr\u00e9sentation"},"content":{"rendered":"<h1><strong>5 \u00e8me \u00e9dition le 23 juin 2017<\/strong><\/h1>\n<p>\u00ab\u00a0C&rsquo;est l&rsquo;\u00e9t\u00e9 on sport\u00a0\u00bb est organis\u00e9e chaque ann\u00e9e le dernier ou avant-dernier week end de Juin dans le cadre de Gouesnou en f\u00eate ! Il s&rsquo;agit d&rsquo;une animation sportive, marche et course \u00e0 pied, sans dossard ni chronom\u00e8tre ! &nbsp;<\/p>\n<p><img loading=\"lazy\" decoding=\"async\" class=\"size-full wp-image-2144 aligncenter\" src=\"http:\/\/blesdor.org\/wp-content\/uploads\/2017\/03\/gouesnou-en-fete_maj-juin-2016-5.jpg\" alt=\"\" width=\"350\" height=\"233\"><\/p>\n<p>Avec la participation de :<\/p>\n<p><img loading=\"lazy\" decoding=\"async\" class=\"size-full wp-image-2150 aligncenter\" src=\"http:\/\/blesdor.org\/wp-content\/uploads\/2017\/03\/GOUEST.jpg\" alt=\"\" width=\"350\" height=\"179\"><\/p>\n<p><a href=\"http:\/\/handisport-finistere.org\/\"><img loading=\"lazy\" decoding=\"async\" class=\"size-full wp-image-2151 aligncenter\" src=\"http:\/\/blesdor.org\/wp-content\/uploads\/2017\/03\/finistere-comit\u00e9-handisport.jpg\" alt=\"\" width=\"350\" height=\"153\"><\/a><\/p>\n<p>La pr\u00e9sentation de l&rsquo;\u00e9dition 2016 :<\/p>\n<p><iframe loading=\"lazy\" title=\"25 JUIN 2016 - GOUESNOU - BLES D&#039;OR\" width=\"783\" height=\"587\" src=\"https:\/\/www.youtube.com\/embed\/sfgj4rOtA3o?feature=oembed\" frameborder=\"0\" allow=\"accelerometer; autoplay; clipboard-write; encrypted-media; gyroscope; picture-in-picture; web-share\" allowfullscreen><\/iframe><\/p>\n<p>L&rsquo;inscription est libre, chacun ayant loisir de faire un don pour soutenir des actions solidaires&nbsp;de Gouest! (association menant des activit\u00e9s de sport adapt\u00e9 \u00e0 Gouesnou) et du Comit\u00e9 d\u00e9partemental Handisport du Finist\u00e8re.<\/p>\n<p>En 2017, 1800 &nbsp;euros de dons ont \u00e9t\u00e9 recueillis et remis :<\/p>\n<p>\u00b0 \u00e0 l&rsquo;association GOUEST! pour financer des actions vers le sport adapt\u00e9 \u00e0 Gouensou<\/p>\n<p>\u00b0 au comit\u00e9 d\u00e9partemental handisport du Finist\u00e8re &nbsp;<\/p>\n<p>350 coureurs et marcheurs et 63 enfants ont &nbsp;particip\u00e9 \u00e0 la 5\u00e8me \u00e9dition marrain\u00e9e par Gw\u00e9naig LE VOURC&rsquo;H.<\/p>\n<p><img loading=\"lazy\" decoding=\"async\" class=\"size-full wp-image-2435 aligncenter\" src=\"http:\/\/blesdor.org\/wp-content\/uploads\/2017\/04\/Gwenaig.jpg\" alt=\"\" width=\"350\" height=\"233\"><\/p>\n<p>Retrouvez l&rsquo;\u00e9dition 2017 en photos :<\/p>\n<p><a href=\"https:\/\/goo.gl\/photos\/XKiGkpaTGCznuhUS8\">Ici<\/a><\/p>\n<p><a href=\"https:\/\/goo.gl\/photos\/qxWoAVsu883z6a1m9\">Ici<\/a><\/p>\n<p>et <a href=\"https:\/\/goo.gl\/photos\/BaLokeYtU4P5n1uL6\">Ici<\/a> !<\/p>\n<p>Retrouvez l&rsquo;\u00e9dition 2016 en photos <a href=\"https:\/\/get.google.com\/albumarchive\/109751021036931647017\/album\/AF1QipPAawVdMSotoHBQfCObEcEqxnK4PY7ck1aIiQKb?source=pwa\">ici<\/a><\/p>\n<p><img loading=\"lazy\" decoding=\"async\" class=\"size-full wp-image-2314 aligncenter\" src=\"http:\/\/blesdor.org\/wp-content\/uploads\/2017\/04\/GOUESNOU2017-11-v2-site-2.jpg\" alt=\"\" width=\"500\" height=\"706\"><\/p>\n<p>&nbsp;<\/p>\n","protected":false},"excerpt":{"rendered":"<p>5 \u00e8me \u00e9dition le 23 juin 2017 \u00ab\u00a0C&rsquo;est l&rsquo;\u00e9t\u00e9 on sport\u00a0\u00bb est organis\u00e9e chaque ann\u00e9e le dernier ou avant-dernier week end de Juin dans le<\/p>\n","protected":false},"author":5,"featured_media":0,"parent":1913,"menu_order":2,"comment_status":"closed","ping_status":"closed","template":"","meta":{"footnotes":""},"class_list":["post-2206","page","type-page","status-publish","hentry"],"_links":{"self":[{"href":"https:\/\/blesdor.org\/index.php\/wp-json\/wp\/v2\/pages\/2206","targetHints":{"allow":["GET"]}}],"collection":[{"href":"https:\/\/blesdor.org\/index.php\/wp-json\/wp\/v2\/pages"}],"about":[{"href":"https:\/\/blesdor.org\/index.php\/wp-json\/wp\/v2\/types\/page"}],"author":[{"embeddable":true,"href":"https:\/\/blesdor.org\/index.php\/wp-json\/wp\/v2\/users\/5"}],"replies":[{"embeddable":true,"href":"https:\/\/blesdor.org\/index.php\/wp-json\/wp\/v2\/comments?post=2206"}],"version-history":[{"count":7,"href":"https:\/\/blesdor.org\/index.php\/wp-json\/wp\/v2\/pages\/2206\/revisions"}],"predecessor-version":[{"id":2436,"href":"https:\/\/blesdor.org\/index.php\/wp-json\/wp\/v2\/pages\/2206\/revisions\/2436"}],"up":[{"embeddable":true,"href":"https:\/\/blesdor.org\/index.php\/wp-json\/wp\/v2\/pages\/1913"}],"wp:attachment":[{"href":"https:\/\/blesdor.org\/index.php\/wp-json\/wp\/v2\/media?parent=2206"}],"curies":[{"name":"wp","href":"https:\/\/api.w.org\/{rel}","templated":true}]}}