{"id":1937,"date":"2017-03-25T19:42:23","date_gmt":"2017-03-25T18:42:23","guid":{"rendered":"http:\/\/blesdors.org\/?page_id=1937"},"modified":"2025-10-25T12:03:34","modified_gmt":"2025-10-25T10:03:34","slug":"la-marche","status":"publish","type":"page","link":"https:\/\/blesdor.org\/index.php\/le-club\/la-marche\/","title":{"rendered":"Marche &#8211; Athl\u00e9 sant\u00e9"},"content":{"rendered":"<p>&nbsp;<\/p>\n<p>La section \u00ab\u00a0marche\u00a0\u00bb des Bl\u00e9s d&rsquo;or compte environ 80 membres (saison 2021\/2022). Un groupe sportif et convivial !<!--more--><\/p>\n<p>Les s\u00e9ances de marche se d\u00e9roulent :<\/p>\n<ul>\n<li>le mercredi \u00e0 14h00 : marche, au d\u00e9part du boulodromme<\/li>\n<li>le dimanche \u00e0 09h30 : marche au d\u00e9part du boulodromme<\/li>\n<\/ul>\n<p>Le vendredi de 10h00 \u00e0 11h30 <strong><em><span style=\"color: #ff0000;\">une s\u00e9ance \u00ab\u00a0Athl\u00e9 sant\u00e9 \u00ab\u00a0<\/span><\/em><\/strong> est propos\u00e9e. Adapt\u00e9 \u00e0 tous elle permet dans un climat tr\u00e8s convivial de se maintenir en forme sur piste ou en salle !<\/p>\n<p>R\u00e9guli\u00e8rement le dimanche matin, les marcheurs organisent une sortie en dehors de la commune pour d\u00e9couvrir de nouveaux parcours (bord de mer, campagne etc.)<\/p>\n<p><img loading=\"lazy\" decoding=\"async\" class=\"alignnone size-medium wp-image-3224\" src=\"http:\/\/blesdor.org\/wp-content\/uploads\/2020\/07\/Blesdor20012019-300x190.jpg\" alt=\"\" width=\"300\" height=\"190\" srcset=\"https:\/\/blesdor.org\/wp-content\/uploads\/2020\/07\/Blesdor20012019-300x190.jpg 300w, https:\/\/blesdor.org\/wp-content\/uploads\/2020\/07\/Blesdor20012019-1024x648.jpg 1024w, https:\/\/blesdor.org\/wp-content\/uploads\/2020\/07\/Blesdor20012019-768x486.jpg 768w, https:\/\/blesdor.org\/wp-content\/uploads\/2020\/07\/Blesdor20012019-1536x973.jpg 1536w, https:\/\/blesdor.org\/wp-content\/uploads\/2020\/07\/Blesdor20012019-2048x1297.jpg 2048w\" sizes=\"auto, (max-width: 300px) 100vw, 300px\" \/> <img loading=\"lazy\" decoding=\"async\" class=\"alignnone size-medium wp-image-3225\" src=\"http:\/\/blesdor.org\/wp-content\/uploads\/2020\/07\/marche-2-165x300.jpg\" alt=\"\" width=\"165\" height=\"300\" srcset=\"https:\/\/blesdor.org\/wp-content\/uploads\/2020\/07\/marche-2-165x300.jpg 165w, https:\/\/blesdor.org\/wp-content\/uploads\/2020\/07\/marche-2.jpg 528w\" sizes=\"auto, (max-width: 165px) 100vw, 165px\" \/> <img loading=\"lazy\" decoding=\"async\" class=\"alignnone size-medium wp-image-3226\" src=\"http:\/\/blesdor.org\/wp-content\/uploads\/2020\/07\/marche-3-300x225.jpg\" alt=\"\" width=\"300\" height=\"225\" srcset=\"https:\/\/blesdor.org\/wp-content\/uploads\/2020\/07\/marche-3-300x225.jpg 300w, https:\/\/blesdor.org\/wp-content\/uploads\/2020\/07\/marche-3-768x576.jpg 768w, https:\/\/blesdor.org\/wp-content\/uploads\/2020\/07\/marche-3.jpg 960w\" sizes=\"auto, (max-width: 300px) 100vw, 300px\" \/> <img loading=\"lazy\" decoding=\"async\" class=\"alignnone size-medium wp-image-3227\" src=\"http:\/\/blesdor.org\/wp-content\/uploads\/2020\/07\/marche-4-300x225.jpg\" alt=\"\" width=\"300\" height=\"225\" srcset=\"https:\/\/blesdor.org\/wp-content\/uploads\/2020\/07\/marche-4-300x225.jpg 300w, https:\/\/blesdor.org\/wp-content\/uploads\/2020\/07\/marche-4-1024x768.jpg 1024w, https:\/\/blesdor.org\/wp-content\/uploads\/2020\/07\/marche-4-768x576.jpg 768w, https:\/\/blesdor.org\/wp-content\/uploads\/2020\/07\/marche-4-1536x1152.jpg 1536w, https:\/\/blesdor.org\/wp-content\/uploads\/2020\/07\/marche-4.jpg 1728w\" sizes=\"auto, (max-width: 300px) 100vw, 300px\" \/> <img loading=\"lazy\" decoding=\"async\" class=\"alignnone size-medium wp-image-3228\" src=\"http:\/\/blesdor.org\/wp-content\/uploads\/2020\/07\/marche-6-300x225.jpg\" alt=\"\" width=\"300\" height=\"225\" srcset=\"https:\/\/blesdor.org\/wp-content\/uploads\/2020\/07\/marche-6-300x225.jpg 300w, https:\/\/blesdor.org\/wp-content\/uploads\/2020\/07\/marche-6-768x576.jpg 768w, https:\/\/blesdor.org\/wp-content\/uploads\/2020\/07\/marche-6.jpg 960w\" sizes=\"auto, (max-width: 300px) 100vw, 300px\" \/><\/p>\n","protected":false},"excerpt":{"rendered":"<p>&nbsp; La section \u00ab\u00a0marche\u00a0\u00bb des Bl\u00e9s d&rsquo;or compte environ 80 membres (saison 2021\/2022). Un groupe sportif et convivial !<\/p>\n","protected":false},"author":2,"featured_media":3072,"parent":1857,"menu_order":8,"comment_status":"closed","ping_status":"closed","template":"","meta":{"footnotes":""},"class_list":["post-1937","page","type-page","status-publish","has-post-thumbnail","hentry"],"_links":{"self":[{"href":"https:\/\/blesdor.org\/index.php\/wp-json\/wp\/v2\/pages\/1937","targetHints":{"allow":["GET"]}}],"collection":[{"href":"https:\/\/blesdor.org\/index.php\/wp-json\/wp\/v2\/pages"}],"about":[{"href":"https:\/\/blesdor.org\/index.php\/wp-json\/wp\/v2\/types\/page"}],"author":[{"embeddable":true,"href":"https:\/\/blesdor.org\/index.php\/wp-json\/wp\/v2\/users\/2"}],"replies":[{"embeddable":true,"href":"https:\/\/blesdor.org\/index.php\/wp-json\/wp\/v2\/comments?post=1937"}],"version-history":[{"count":17,"href":"https:\/\/blesdor.org\/index.php\/wp-json\/wp\/v2\/pages\/1937\/revisions"}],"predecessor-version":[{"id":3959,"href":"https:\/\/blesdor.org\/index.php\/wp-json\/wp\/v2\/pages\/1937\/revisions\/3959"}],"up":[{"embeddable":true,"href":"https:\/\/blesdor.org\/index.php\/wp-json\/wp\/v2\/pages\/1857"}],"wp:featuredmedia":[{"embeddable":true,"href":"https:\/\/blesdor.org\/index.php\/wp-json\/wp\/v2\/media\/3072"}],"wp:attachment":[{"href":"https:\/\/blesdor.org\/index.php\/wp-json\/wp\/v2\/media?parent=1937"}],"curies":[{"name":"wp","href":"https:\/\/api.w.org\/{rel}","templated":true}]}}