{"id":1913,"date":"2017-03-25T18:26:39","date_gmt":"2017-03-25T17:26:39","guid":{"rendered":"http:\/\/blesdors.org\/?page_id=1913"},"modified":"2017-07-10T21:20:07","modified_gmt":"2017-07-10T19:20:07","slug":"cest-lete-on-sport","status":"publish","type":"page","link":"https:\/\/blesdor.org\/index.php\/cest-lete-on-sport\/","title":{"rendered":"C&rsquo;EST L&rsquo;ETE, ON SPORT"},"content":{"rendered":"<p>&nbsp;<\/p>\n<p>&nbsp;<\/p>\n<p style=\"text-align: left;\">Le 24 Juin 2017 s&rsquo;est courue la quatri\u00e8m\u00e9 \u00e9ditionde &nbsp;\u00ab\u00a0C&rsquo;est l&rsquo;\u00e9t\u00e9 on sport\u00a0\u00bb. 300 marcheurs et coureurs y ont particip\u00e9 !<\/p>\n<p>Avant la marche et la courfse, le club des Bl\u00e9s d&rsquo;or proposait une course pour les enfants de 6 \u00e0 10 ans. 63 enfants y ont particip\u00e9 !<\/p>\n<p>&nbsp;<\/p>\n<p><img loading=\"lazy\" decoding=\"async\" class=\"size-full wp-image-2427 aligncenter\" src=\"http:\/\/blesdor.org\/wp-content\/uploads\/2017\/03\/enfants.jpg\" alt=\"\" width=\"350\" height=\"233\"><\/p>\n<p>Au final, 1800 euros de dons ont \u00e9t\u00e9 recueillis ! Ils seront ventil\u00e9s \u00e0 la rentr\u00e9e entre l&rsquo;association GOUEST! et le comit\u00e9 d\u00e9partemental handisport du Finist\u00e8re, pour financer des actiosn solidaires.<\/p>\n<p><img loading=\"lazy\" decoding=\"async\" class=\"size-full wp-image-2426 aligncenter\" src=\"http:\/\/blesdor.org\/wp-content\/uploads\/2017\/03\/cheque.jpg\" alt=\"\" width=\"350\" height=\"233\"><\/p>\n<p>&nbsp;<\/p>\n<p>Comme chaque ann\u00e9e, \u00ab\u00a0C&rsquo;est l&rsquo;\u00e9t\u00e9 on sport\u00a0\u00bb fut l&rsquo;occasion de grands moments de solidarit\u00e9 !<\/p>\n<p>&nbsp;<\/p>\n<p><img loading=\"lazy\" decoding=\"async\" class=\"size-full wp-image-2428 aligncenter\" src=\"http:\/\/blesdor.org\/wp-content\/uploads\/2017\/03\/Guilcher.jpg\" alt=\"\" width=\"350\" height=\"233\"><img loading=\"lazy\" decoding=\"async\" class=\"size-full wp-image-2429 aligncenter\" src=\"http:\/\/blesdor.org\/wp-content\/uploads\/2017\/03\/FX-Uguen.jpg\" alt=\"\" width=\"350\" height=\"233\"><\/p>\n<p>&nbsp;<\/p>\n<p style=\"text-align: left;\">&nbsp;La parcours est \u00e0 d\u00e9couvrir <a href=\"http:\/\/blesdor.org\/index.php\/2017\/04\/17\/le-circuit-2017-de-cest-lete-on-sport\/\">ici <\/a>!&nbsp;<\/p>\n<p style=\"text-align: left;\">&nbsp;<\/p>\n<p style=\"text-align: left;\">&nbsp;<\/p>\n<p style=\"text-align: left;\">&nbsp;<\/p>\n<p style=\"text-align: left;\">&nbsp;<\/p>\n<p>&nbsp;<\/p>\n","protected":false},"excerpt":{"rendered":"<p>&nbsp; &nbsp; Le 24 Juin 2017 s&rsquo;est courue la quatri\u00e8m\u00e9 \u00e9ditionde &nbsp;\u00ab\u00a0C&rsquo;est l&rsquo;\u00e9t\u00e9 on sport\u00a0\u00bb. 300 marcheurs et coureurs y ont particip\u00e9 ! Avant la<\/p>\n","protected":false},"author":2,"featured_media":2425,"parent":0,"menu_order":0,"comment_status":"closed","ping_status":"closed","template":"","meta":{"footnotes":""},"class_list":["post-1913","page","type-page","status-publish","has-post-thumbnail","hentry"],"_links":{"self":[{"href":"https:\/\/blesdor.org\/index.php\/wp-json\/wp\/v2\/pages\/1913","targetHints":{"allow":["GET"]}}],"collection":[{"href":"https:\/\/blesdor.org\/index.php\/wp-json\/wp\/v2\/pages"}],"about":[{"href":"https:\/\/blesdor.org\/index.php\/wp-json\/wp\/v2\/types\/page"}],"author":[{"embeddable":true,"href":"https:\/\/blesdor.org\/index.php\/wp-json\/wp\/v2\/users\/2"}],"replies":[{"embeddable":true,"href":"https:\/\/blesdor.org\/index.php\/wp-json\/wp\/v2\/comments?post=1913"}],"version-history":[{"count":23,"href":"https:\/\/blesdor.org\/index.php\/wp-json\/wp\/v2\/pages\/1913\/revisions"}],"predecessor-version":[{"id":2430,"href":"https:\/\/blesdor.org\/index.php\/wp-json\/wp\/v2\/pages\/1913\/revisions\/2430"}],"wp:featuredmedia":[{"embeddable":true,"href":"https:\/\/blesdor.org\/index.php\/wp-json\/wp\/v2\/media\/2425"}],"wp:attachment":[{"href":"https:\/\/blesdor.org\/index.php\/wp-json\/wp\/v2\/media?parent=1913"}],"curies":[{"name":"wp","href":"https:\/\/api.w.org\/{rel}","templated":true}]}}