{"id":1886,"date":"2017-03-25T17:50:02","date_gmt":"2017-03-25T16:50:02","guid":{"rendered":"http:\/\/blesdors.org\/?page_id=1886"},"modified":"2024-11-19T05:54:12","modified_gmt":"2024-11-19T04:54:12","slug":"bureau","status":"publish","type":"page","link":"https:\/\/blesdor.org\/index.php\/le-club\/bureau\/","title":{"rendered":"Bureau"},"content":{"rendered":"<p>Aux bl\u00e9s d\u2019or chaque adh\u00e9rent est acteur du club en proposant des projets, de nouvelles id\u00e9es ! r\u00e9guli\u00e8rement le \u00ab conseil d\u2019administration \u00bb se r\u00e9unit pour d\u00e9cider des actions mises en place. Et bien \u00e9videmment chaque ann\u00e9e une assembl\u00e9e g\u00e9n\u00e9rale r\u00e9unit tous les membres du club !<\/p>\n<p><img loading=\"lazy\" decoding=\"async\" class=\"alignnone size-medium wp-image-3222 aligncenter\" src=\"http:\/\/blesdor.org\/wp-content\/uploads\/2020\/07\/conseil-administration-300x152.jpg\" alt=\"\" width=\"300\" height=\"152\" srcset=\"https:\/\/blesdor.org\/wp-content\/uploads\/2020\/07\/conseil-administration-300x152.jpg 300w, https:\/\/blesdor.org\/wp-content\/uploads\/2020\/07\/conseil-administration.jpg 640w\" sizes=\"auto, (max-width: 300px) 100vw, 300px\" \/><\/p>\n<h4>Le conseil est compos\u00e9 comme suit :<\/h4>\n<ul>\n<li>Pr\u00e9sident : Bruno JAOUEN<\/li>\n<li>Vice Pr\u00e9sident : Jo l\u2019Hostis<\/li>\n<li>Vice Pr\u00e9sidente : Christelle MISY<\/li>\n<li>Secr\u00e9taire : V\u00e9ronique LEPAGE<\/li>\n<li>Secr\u00e9taire adjoint : Luc AMAURY<\/li>\n<li>Tr\u00e9sori\u00e8re : Brigitte SIMON<\/li>\n<li>Tr\u00e9sori\u00e8re-adjointe : Brigitte CLOAREC<\/li>\n<li>Responsable des partenariats : Gildas GUILLERM<\/li>\n<li>Responsable de l&rsquo;\u00e9cole d&rsquo;athl\u00e9tisme : Bruno JAOUEN<\/li>\n<\/ul>\n<h4>Membre<\/h4>\n<ul>\n<li>Sylvie MEVEL<\/li>\n<li>Christelle MARC<\/li>\n<li>Isabelle JULIEN<\/li>\n<li>Robert CASTEL<\/li>\n<li>Jean-Jacques SEITE<\/li>\n<li>Yves ARHOUAC&rsquo;H<\/li>\n<li>Jean-Marie SIMON<\/li>\n<li>Mickael APRIOU<\/li>\n<\/ul>\n","protected":false},"excerpt":{"rendered":"<p>Aux bl\u00e9s d\u2019or chaque adh\u00e9rent est acteur du club en proposant des projets, de nouvelles id\u00e9es ! r\u00e9guli\u00e8rement le \u00ab conseil d\u2019administration \u00bb se r\u00e9unit<\/p>\n","protected":false},"author":2,"featured_media":0,"parent":1857,"menu_order":2,"comment_status":"closed","ping_status":"closed","template":"","meta":{"footnotes":""},"class_list":["post-1886","page","type-page","status-publish","hentry"],"_links":{"self":[{"href":"https:\/\/blesdor.org\/index.php\/wp-json\/wp\/v2\/pages\/1886","targetHints":{"allow":["GET"]}}],"collection":[{"href":"https:\/\/blesdor.org\/index.php\/wp-json\/wp\/v2\/pages"}],"about":[{"href":"https:\/\/blesdor.org\/index.php\/wp-json\/wp\/v2\/types\/page"}],"author":[{"embeddable":true,"href":"https:\/\/blesdor.org\/index.php\/wp-json\/wp\/v2\/users\/2"}],"replies":[{"embeddable":true,"href":"https:\/\/blesdor.org\/index.php\/wp-json\/wp\/v2\/comments?post=1886"}],"version-history":[{"count":8,"href":"https:\/\/blesdor.org\/index.php\/wp-json\/wp\/v2\/pages\/1886\/revisions"}],"predecessor-version":[{"id":3851,"href":"https:\/\/blesdor.org\/index.php\/wp-json\/wp\/v2\/pages\/1886\/revisions\/3851"}],"up":[{"embeddable":true,"href":"https:\/\/blesdor.org\/index.php\/wp-json\/wp\/v2\/pages\/1857"}],"wp:attachment":[{"href":"https:\/\/blesdor.org\/index.php\/wp-json\/wp\/v2\/media?parent=1886"}],"curies":[{"name":"wp","href":"https:\/\/api.w.org\/{rel}","templated":true}]}}