{"id":1597,"date":"2016-08-29T22:45:18","date_gmt":"2016-08-29T20:45:18","guid":{"rendered":"http:\/\/blesdors.org\/?page_id=1597"},"modified":"2017-03-17T22:48:16","modified_gmt":"2017-03-17T21:48:16","slug":"programme-20162017","status":"publish","type":"page","link":"https:\/\/blesdor.org\/index.php\/programme-20162017\/","title":{"rendered":"Programme 2016\/2017"},"content":{"rendered":"<p>La saison 2016\/2017 des Bl\u00e9s d\u2019Or est lanc\u00e9e !<\/p>\n<p>Que vous soyez coureurs, d\u00e9butant, occasionnel ou cherchant \u00e0 progresser en comp\u00e9titions, le club des bl\u00e9s d\u2019or vous ouvre ses portes !<br \/>\nDes nouveaut\u00e9s cette ann\u00e9e mais toujours la m\u00eame philosophie : le plaisir d\u2019abord !<br \/>\nRendez-vous ensuite au forum des associations pour venir \u00e0 notre rencontre et d\u00e9couvrir plus avant le club !<\/p>\n<p>Lire ici le programme de la saison 2016\/2017 :<\/p>\n<p>[gview file=\u00a0\u00bbhttp:\/\/blesdor.org\/wp-content\/uploads\/2017\/03\/programme_saison_20162017_vf.pdf\u00a0\u00bb save=\u00a0\u00bb1&Prime;]<\/p>\n<p>&nbsp;<\/p>\n","protected":false},"excerpt":{"rendered":"<p>La saison 2016\/2017 des Bl\u00e9s d\u2019Or est lanc\u00e9e ! Que vous soyez coureurs, d\u00e9butant, occasionnel ou cherchant \u00e0 progresser en comp\u00e9titions, le club des bl\u00e9s<\/p>\n","protected":false},"author":2,"featured_media":0,"parent":0,"menu_order":0,"comment_status":"closed","ping_status":"closed","template":"","meta":{"footnotes":""},"class_list":["post-1597","page","type-page","status-publish","hentry"],"_links":{"self":[{"href":"https:\/\/blesdor.org\/index.php\/wp-json\/wp\/v2\/pages\/1597","targetHints":{"allow":["GET"]}}],"collection":[{"href":"https:\/\/blesdor.org\/index.php\/wp-json\/wp\/v2\/pages"}],"about":[{"href":"https:\/\/blesdor.org\/index.php\/wp-json\/wp\/v2\/types\/page"}],"author":[{"embeddable":true,"href":"https:\/\/blesdor.org\/index.php\/wp-json\/wp\/v2\/users\/2"}],"replies":[{"embeddable":true,"href":"https:\/\/blesdor.org\/index.php\/wp-json\/wp\/v2\/comments?post=1597"}],"version-history":[{"count":1,"href":"https:\/\/blesdor.org\/index.php\/wp-json\/wp\/v2\/pages\/1597\/revisions"}],"predecessor-version":[{"id":1599,"href":"https:\/\/blesdor.org\/index.php\/wp-json\/wp\/v2\/pages\/1597\/revisions\/1599"}],"wp:attachment":[{"href":"https:\/\/blesdor.org\/index.php\/wp-json\/wp\/v2\/media?parent=1597"}],"curies":[{"name":"wp","href":"https:\/\/api.w.org\/{rel}","templated":true}]}}