{"id":1582,"date":"2017-03-17T22:23:02","date_gmt":"2017-03-17T21:23:02","guid":{"rendered":"http:\/\/blesdors.org\/?page_id=1582"},"modified":"2022-10-19T12:35:43","modified_gmt":"2022-10-19T10:35:43","slug":"historique","status":"publish","type":"page","link":"https:\/\/blesdor.org\/index.php\/le-club\/historique\/","title":{"rendered":"Pr\u00e9sentation"},"content":{"rendered":"<p><img loading=\"lazy\" decoding=\"async\" class=\" wp-image-3191 aligncenter\" src=\"http:\/\/blesdor.org\/wp-content\/uploads\/2020\/07\/P1210704v1-ConvertImage-1-300x200.jpg\" alt=\"\" width=\"563\" height=\"375\" srcset=\"https:\/\/blesdor.org\/wp-content\/uploads\/2020\/07\/P1210704v1-ConvertImage-1-300x200.jpg 300w, https:\/\/blesdor.org\/wp-content\/uploads\/2020\/07\/P1210704v1-ConvertImage-1-1024x683.jpg 1024w, https:\/\/blesdor.org\/wp-content\/uploads\/2020\/07\/P1210704v1-ConvertImage-1-768x512.jpg 768w, https:\/\/blesdor.org\/wp-content\/uploads\/2020\/07\/P1210704v1-ConvertImage-1-1536x1024.jpg 1536w, https:\/\/blesdor.org\/wp-content\/uploads\/2020\/07\/P1210704v1-ConvertImage-1-272x182.jpg 272w, https:\/\/blesdor.org\/wp-content\/uploads\/2020\/07\/P1210704v1-ConvertImage-1.jpg 1915w\" sizes=\"auto, (max-width: 563px) 100vw, 563px\" \/><\/p>\n<p>Le Club des Bl\u00e9s d\u2019Or a vu le jour en Octobre 1988&nbsp; dans le but de promouvoir le jogging. Il compte en 2021\/2022 pr\u00e8s de 300 adh\u00e9rents r\u00e9partis entre l\u2019\u00e9cole d\u2019athl\u00e9tisme, la section \u00ab Marche \u00bb et la section \u00ab Course \u00e0 pied\/trail \u00bb.<\/p>\n<p>Un petit historique pour faire connaissance \u2026.<\/p>\n<p>D\u00e8s la premi\u00e8re ann\u00e9e une cinquantaine d\u2019adh\u00e9rents sont inscrits. Cette p\u00e9riode est \u00e9galement caract\u00e9ris\u00e9e par la course annuelle qui a eu lieu en 1989, 1990 et 1991.<\/p>\n<p>En 1990, Jean-Yves Biger devient Pr\u00e9sident et oriente le Club davantage vers le plaisir de courir que vers la comp\u00e9tition.<\/p>\n<p>A partir de 1993 le nouveau Pr\u00e9sident, Georges Tanguy poursuit dans cette voie.<\/p>\n<p>Fran\u00e7ois is Roudaut lui succ\u00e8de en 1996 et organise les d\u00e9placements au Marathon de Paris en 1998 et au Marathon du M\u00e9doc en 1999.<\/p>\n<p>En 1999, Jean-Luc Le Borgne devient Pr\u00e9sident pour 4 ann\u00e9es. Il programme la participation des Bl\u00e9s d\u2019Or au Marathon du Mont Saint Michel en 2000 .En 2002 est cr\u00e9\u00e9e la section Marche. Le succ\u00e8s fut imm\u00e9diat et d\u00e8s lors, la trentaine de marcheurs repr\u00e9sente la moiti\u00e9 des effectifs du Club.<\/p>\n<p>En 2003, pour la premi\u00e8re fois c\u2019est une Pr\u00e9sidente, Claire Guiavarc&rsquo;h, qui prend le Club en main et continue \u00e0 le diriger avec humour et bonne humeur tout en ne manquant pas de projets. Durant ces ann\u00e9es, le Club a continu\u00e9 \u00e0 parfaitement fonctionner avec participation des coureurs \u00e0 divers marathons dont celui de New-York pendant que les marcheurs participaient \u00e9galement \u00e0 de grandes \u00e9preuves (50 Km de Ploudalm\u00e9zeau ou randonn\u00e9e du Mont Saint Michel)<\/p>\n<p>En 2007 c\u2019est un marcheur, G\u00e9rard Douvenot, qui prend la Pr\u00e9sidence avec pour principal objectif de maintenir le niveau sportif du Club tout en conservant le c\u00f4t\u00e9 convivial que chacun appr\u00e9cie.<\/p>\n<p>En 2011, Jo Lhostis est \u00e9lu \u00e0 la pr\u00e9sidence du club. pendant le mandat de Jo, le club va assoir son d\u00e9veloppement tant du c\u00f4t\u00e9 des marcheurs que des coureurs. Le nombre de marathoniens ne cesse d\u2019augmenter et en 2013 est organis\u00e9e la premi\u00e8re \u00e9dition de \u201cC\u2019est l\u2019\u00e9t\u00e9 on sport\u201d. Le club repasse en 2012\/2013 au dessus de la barre des 100 adh\u00e9rents, barre sous laquelle le club n\u2019est d\u00e8s lors plus descendu.<\/p>\n<p>Apr\u00e8s 4 ann\u00e9es de mandat, Jo L&rsquo;Hostis passe le relais en 2015 \u00e0 un coureur auparavant vice-Pr\u00e9sident Bruno Jaouen.&nbsp;<\/p>\n<p>Depuis 2015, le club a poursuivi son d\u00e9veloppement en cr\u00e9ant une section \u00ab Athl\u00e9tisme \u00bb pour les enfants de l\u2019&amp;\u00e9veil (5 ans) aux juniors .<\/p>\n<p>EN 2018 un nouveau cap \u00e9tait franchi avec l&rsquo;organisation de <a href=\"htpp:\/\/www.laleclercgouesnou.fr\">La Leclerc Gouesnou Brest m\u00e9tropole<\/a><\/p>\n<p>&nbsp;<\/p>\n<p><img loading=\"lazy\" decoding=\"async\" class=\"alignnone size-medium wp-image-3191 aligncenter\" src=\"http:\/\/blesdor.org\/wp-content\/uploads\/2020\/07\/P1210704v1-ConvertImage-1-300x200.jpg\" alt=\"\" width=\"300\" height=\"200\" srcset=\"https:\/\/blesdor.org\/wp-content\/uploads\/2020\/07\/P1210704v1-ConvertImage-1-300x200.jpg 300w, https:\/\/blesdor.org\/wp-content\/uploads\/2020\/07\/P1210704v1-ConvertImage-1-1024x683.jpg 1024w, https:\/\/blesdor.org\/wp-content\/uploads\/2020\/07\/P1210704v1-ConvertImage-1-768x512.jpg 768w, https:\/\/blesdor.org\/wp-content\/uploads\/2020\/07\/P1210704v1-ConvertImage-1-1536x1024.jpg 1536w, https:\/\/blesdor.org\/wp-content\/uploads\/2020\/07\/P1210704v1-ConvertImage-1-272x182.jpg 272w, https:\/\/blesdor.org\/wp-content\/uploads\/2020\/07\/P1210704v1-ConvertImage-1.jpg 1915w\" sizes=\"auto, (max-width: 300px) 100vw, 300px\" \/><\/p>\n","protected":false},"excerpt":{"rendered":"<p>Le Club des Bl\u00e9s d\u2019Or a vu le jour en Octobre 1988&nbsp; dans le but de promouvoir le jogging. Il compte en 2021\/2022 pr\u00e8s de<\/p>\n","protected":false},"author":2,"featured_media":3191,"parent":1857,"menu_order":0,"comment_status":"closed","ping_status":"closed","template":"","meta":{"footnotes":""},"class_list":["post-1582","page","type-page","status-publish","has-post-thumbnail","hentry"],"_links":{"self":[{"href":"https:\/\/blesdor.org\/index.php\/wp-json\/wp\/v2\/pages\/1582","targetHints":{"allow":["GET"]}}],"collection":[{"href":"https:\/\/blesdor.org\/index.php\/wp-json\/wp\/v2\/pages"}],"about":[{"href":"https:\/\/blesdor.org\/index.php\/wp-json\/wp\/v2\/types\/page"}],"author":[{"embeddable":true,"href":"https:\/\/blesdor.org\/index.php\/wp-json\/wp\/v2\/users\/2"}],"replies":[{"embeddable":true,"href":"https:\/\/blesdor.org\/index.php\/wp-json\/wp\/v2\/comments?post=1582"}],"version-history":[{"count":10,"href":"https:\/\/blesdor.org\/index.php\/wp-json\/wp\/v2\/pages\/1582\/revisions"}],"predecessor-version":[{"id":3390,"href":"https:\/\/blesdor.org\/index.php\/wp-json\/wp\/v2\/pages\/1582\/revisions\/3390"}],"up":[{"embeddable":true,"href":"https:\/\/blesdor.org\/index.php\/wp-json\/wp\/v2\/pages\/1857"}],"wp:featuredmedia":[{"embeddable":true,"href":"https:\/\/blesdor.org\/index.php\/wp-json\/wp\/v2\/media\/3191"}],"wp:attachment":[{"href":"https:\/\/blesdor.org\/index.php\/wp-json\/wp\/v2\/media?parent=1582"}],"curies":[{"name":"wp","href":"https:\/\/api.w.org\/{rel}","templated":true}]}}