{"id":1890,"date":"2017-03-25T17:52:00","date_gmt":"2017-03-25T16:52:00","guid":{"rendered":"http:\/\/blesdors.org\/?page_id=1890"},"modified":"2020-05-08T22:52:34","modified_gmt":"2020-05-08T20:52:34","slug":"les-seances","status":"publish","type":"page","link":"http:\/\/blesdor.org\/index.php\/activites\/les-seances\/","title":{"rendered":"Les s\u00e9ances"},"content":{"rendered":"<p>Plusieurs s\u00e9ances sont ouvertes \u00e0 tous les adh\u00e9rents chaque semaine !<\/p>\n<p><strong>La saison 2019\/2020 \u00e0 d\u00e9couvrir <a href=\"http:\/\/blesdor.org\/index.php\/2017\/08\/12\/presentation-de-la-saison-20172018\/\">ici<\/a><\/strong><\/p>\n<p>&nbsp;<\/p>\n<div style=\"text-align: center;\">\n<div style=\"margin: 4px 0px 8px;\">&nbsp;<\/div>\n<\/div>\n<p><strong><span style=\"color: #ff0000;\">Mardi&nbsp;<\/span><\/strong><\/p>\n<ul>\n<li>La saison du mardi \u00e0 d\u00e9couvrir <a href=\"http:\/\/blesdor.org\/index.php\/2017\/08\/20\/la-seance-du-mardi-coureurs\/\">ici<\/a><\/li>\n<\/ul>\n<p>&nbsp;<\/p>\n<p><strong><span style=\"color: #ff0000;\">Mercredi<\/span><\/strong><\/p>\n<ul>\n<li>14h00 au boulodromme : sortie \u00ab\u00a0marcheurs\u00a0\u00bb \u00e0 d\u00e9couvrir<a href=\"http:\/\/blesdor.org\/index.php\/2017\/08\/20\/seance-du-mercredi-marcheurs\/\"> ici<\/a><\/li>\n<\/ul>\n<ul>\n<li>18h00 salle Jean Gourmelon. Endurance (01h00\/01h15) \u00e0 allure adapt\u00e9e \u00e0 tous avec un regoupe d\u00e9butants (5 km) \u00e0 d\u00e9couvrir <a href=\"http:\/\/blesdor.org\/index.php\/2017\/08\/20\/seance-du-mercredi-coureurs\/\">ici<\/a><\/li>\n<\/ul>\n<p>&nbsp;<\/p>\n<p>&nbsp;<\/p>\n<p>&nbsp;<\/p>\n<p><span style=\"color: #ff0000;\"><strong>Jeudi&nbsp;<\/strong><\/span><\/p>\n<ul>\n<li>S\u00e9ance du jeudi \u00e0 d\u00e9couvrir <a href=\"http:\/\/blesdor.org\/index.php\/2017\/08\/12\/la-seance-du-jeudi-coureurs\/\">ici<\/a><\/li>\n<\/ul>\n<p><img loading=\"lazy\" decoding=\"async\" class=\"size-full wp-image-2137 aligncenter\" src=\"http:\/\/blesdor.org\/wp-content\/uploads\/2017\/03\/PPG.jpg\" alt=\"\" width=\"350\" height=\"233\"><\/p>\n<p><span style=\"color: #ff0000;\"><b>&nbsp;<\/b><\/span><\/p>\n<p>&nbsp;<\/p>\n<p><strong><span style=\"color: #ff0000;\">Samedi<\/span><\/strong><\/p>\n<ul>\n<li>S\u00e9ance \u00ab\u00a0\u00e9veil athl\u00e9tique\u00a0\u00bb \u00e0 d\u00e9couvrir<a href=\"http:\/\/blesdor.org\/index.php\/2017\/08\/20\/eveil-athletique-le-samedi\/\"> ici&nbsp;<\/a><\/li>\n<\/ul>\n<p>&nbsp;<\/p>\n<ul>\n<li>S\u00e9ance endurance ou \u00e9tirement \u00e0 d\u00e9couvrir <a href=\"http:\/\/blesdor.org\/index.php\/2017\/08\/20\/la-seance-du-samedi-coureurs\/\">ici<\/a><\/li>\n<\/ul>\n<p>&nbsp;<\/p>\n<p>&nbsp;<\/p>\n<p><strong><span style=\"color: #ff0000;\">Dimanche<\/span><\/strong><\/p>\n<ul>\n<li>09h15 au boulodromme : sortie marcheurs (01h30) \u00e0 d\u00e9couvrir <a href=\"http:\/\/blesdor.org\/index.php\/2017\/08\/20\/seance-du-dimanche-marcheurs\/\">ici<\/a> &nbsp;et coureurs \u00e0 d\u00e9couvrir<a href=\"http:\/\/blesdor.org\/index.php\/2017\/08\/20\/la-seance-du-dimanche-coureurs\/\"> ici<\/a><\/li>\n<\/ul>\n<p>&nbsp;<\/p>\n<p>&nbsp;<\/p>\n<p>&nbsp;<\/p>\n","protected":false},"excerpt":{"rendered":"<p>Plusieurs s\u00e9ances sont ouvertes \u00e0 tous les adh\u00e9rents chaque semaine ! La saison 2019\/2020 \u00e0 d\u00e9couvrir ici &nbsp; &nbsp; Mardi&nbsp; La saison du mardi \u00e0<\/p>\n","protected":false},"author":2,"featured_media":2517,"parent":1888,"menu_order":1,"comment_status":"closed","ping_status":"closed","template":"","meta":{"footnotes":""},"class_list":["post-1890","page","type-page","status-publish","has-post-thumbnail","hentry"],"_links":{"self":[{"href":"http:\/\/blesdor.org\/index.php\/wp-json\/wp\/v2\/pages\/1890","targetHints":{"allow":["GET"]}}],"collection":[{"href":"http:\/\/blesdor.org\/index.php\/wp-json\/wp\/v2\/pages"}],"about":[{"href":"http:\/\/blesdor.org\/index.php\/wp-json\/wp\/v2\/types\/page"}],"author":[{"embeddable":true,"href":"http:\/\/blesdor.org\/index.php\/wp-json\/wp\/v2\/users\/2"}],"replies":[{"embeddable":true,"href":"http:\/\/blesdor.org\/index.php\/wp-json\/wp\/v2\/comments?post=1890"}],"version-history":[{"count":20,"href":"http:\/\/blesdor.org\/index.php\/wp-json\/wp\/v2\/pages\/1890\/revisions"}],"predecessor-version":[{"id":3052,"href":"http:\/\/blesdor.org\/index.php\/wp-json\/wp\/v2\/pages\/1890\/revisions\/3052"}],"up":[{"embeddable":true,"href":"http:\/\/blesdor.org\/index.php\/wp-json\/wp\/v2\/pages\/1888"}],"wp:featuredmedia":[{"embeddable":true,"href":"http:\/\/blesdor.org\/index.php\/wp-json\/wp\/v2\/media\/2517"}],"wp:attachment":[{"href":"http:\/\/blesdor.org\/index.php\/wp-json\/wp\/v2\/media?parent=1890"}],"curies":[{"name":"wp","href":"https:\/\/api.w.org\/{rel}","templated":true}]}}